{"id":20479,"date":"2023-01-31T07:30:25","date_gmt":"2023-01-31T10:30:25","guid":{"rendered":"https:\/\/flacso.cl\/biblioteca\/product\/la-carcel-problemas-y-desafios-para-las-americas\/"},"modified":"2024-08-26T15:55:26","modified_gmt":"2024-08-26T19:55:26","slug":"la-carcel-problemas-y-desafios-para-las-americas","status":"publish","type":"product","link":"https:\/\/flacso.cl\/biblioteca\/product\/la-carcel-problemas-y-desafios-para-las-americas\/","title":{"rendered":"La c\u00e1rcel: problemas y desaf\u00edos para las Am\u00e9ricas"},"content":{"rendered":"<p><strong>Instrucciones de descarga:<\/strong>\u00a0Para descargar esta publicaci\u00f3n, debe ir a la parte de abajo donde se muestra una vista previa del archivo y dar clic en los tres puntos. Al dar clic en los tres puntos se le van a desplegar diferentes opciones y la primera es \u201cDescargar archivo PDF\u201d, el cual le permite guardar el archivo en su computadora.<\/p>\n<div id=\"df_19515\" class=\"_df_book df-lite df-container df-floating df-controls-bottom\" data-title=\"aproximacion-sociologica-al-cambio-de-la-iglesia-catolica-de-santiago\">\n<div id=\"dflip_post_meta_box_shortcode\" class=\"postbox \">\n<div class=\"inside\">\n<div class=\"dflip-tabs normal-tabs\">\n<div id=\"dflip-tab-content-normal\" class=\"dflip-tab-content dflip-active\"><div class=\"_df_book df-lite\" id=\"df_26532\"  _slug=\"la-carcel-problemas-y-desafios-para-las-americas\" data-title=\"la-carcel-problemas-y-desafios-para-las-americas\" wpoptions=\"true\" thumbtype=\"\" ><\/div><script class=\"df-shortcode-script\" nowprocket type=\"application\/javascript\">window.option_df_26532 = {\"outline\":[],\"autoEnableOutline\":\"false\",\"autoEnableThumbnail\":\"false\",\"overwritePDFOutline\":\"false\",\"direction\":\"1\",\"pageSize\":\"0\",\"source\":\"https:\\\/\\\/flacso.cl\\\/biblioteca\\\/wp-content\\\/uploads\\\/2024\\\/08\\\/La-carcel.-Problemas-y-desafios-para-las-Americas.pdf\",\"wpOptions\":\"true\"}; if(window.DFLIP && window.DFLIP.parseBooks){window.DFLIP.parseBooks();}<\/script><\/div>\n<\/div>\n<\/div>\n<\/div>\n<\/div>\n","protected":false},"excerpt":{"rendered":"<p>Instrucciones de descarga:\u00a0Para descargar esta publicaci\u00f3n, debe ir a la parte de abajo donde se&hellip;<\/p>\n","protected":false},"featured_media":26536,"template":"","meta":[],"product_brand":[],"product_cat":[187],"product_tag":[296,755,2444,2445],"class_list":{"0":"post-20479","1":"product","2":"type-product","3":"status-publish","4":"has-post-thumbnail","6":"product_cat-libro","7":"product_tag-america-latina","8":"product_tag-caribe","9":"product_tag-instituciones-penales","10":"product_tag-sistema-penitenciario","11":"pa_anio-publicacion-1391","12":"pa_autor-liza-zuniga","13":"pa_autor-lucia-dammert","14":"pa_isbn-978-956-205-225-2","16":"first","17":"instock","18":"downloadable","19":"virtual","20":"product-type-simple"},"_links":{"self":[{"href":"https:\/\/flacso.cl\/biblioteca\/wp-json\/wp\/v2\/product\/20479","targetHints":{"allow":["GET"]}}],"collection":[{"href":"https:\/\/flacso.cl\/biblioteca\/wp-json\/wp\/v2\/product"}],"about":[{"href":"https:\/\/flacso.cl\/biblioteca\/wp-json\/wp\/v2\/types\/product"}],"wp:featuredmedia":[{"embeddable":true,"href":"https:\/\/flacso.cl\/biblioteca\/wp-json\/wp\/v2\/media\/26536"}],"wp:attachment":[{"href":"https:\/\/flacso.cl\/biblioteca\/wp-json\/wp\/v2\/media?parent=20479"}],"wp:term":[{"taxonomy":"product_brand","embeddable":true,"href":"https:\/\/flacso.cl\/biblioteca\/wp-json\/wp\/v2\/product_brand?post=20479"},{"taxonomy":"product_cat","embeddable":true,"href":"https:\/\/flacso.cl\/biblioteca\/wp-json\/wp\/v2\/product_cat?post=20479"},{"taxonomy":"product_tag","embeddable":true,"href":"https:\/\/flacso.cl\/biblioteca\/wp-json\/wp\/v2\/product_tag?post=20479"}],"curies":[{"name":"wp","href":"https:\/\/api.w.org\/{rel}","templated":true}]}}

La cárcel: problemas y desafíos para las Américas

<p><strong>Instrucciones de descarga:</strong> Para descargar esta publicación, debe ir a la parte de abajo donde se muestra una vista previa del archivo y dar clic en los tres puntos. Al dar clic en los tres puntos se le van a desplegar diferentes opciones y la primera es “Descargar archivo PDF”, el cual le permite guardar el archivo en su computadora.</p>
<div id="df_19515" class="_df_book df-lite df-container df-floating df-controls-bottom" data-title="aproximacion-sociologica-al-cambio-de-la-iglesia-catolica-de-santiago">
<div id="dflip_post_meta_box_shortcode" class="postbox ">
<div class="inside">
<div class="dflip-tabs normal-tabs">
<div id="dflip-tab-content-normal" class="dflip-tab-content dflip-active"><div class="_df_book df-lite" id="df_26532"  _slug="la-carcel-problemas-y-desafios-para-las-americas" data-title="la-carcel-problemas-y-desafios-para-las-americas" wpoptions="true" thumbtype="" ></div><script class="df-shortcode-script" nowprocket type="application/javascript">window.option_df_26532 = {"outline":[],"autoEnableOutline":"false","autoEnableThumbnail":"false","overwritePDFOutline":"false","direction":"1","pageSize":"0","source":"https:\/\/flacso.cl\/biblioteca\/wp-content\/uploads\/2024\/08\/La-carcel.-Problemas-y-desafios-para-las-Americas.pdf","wpOptions":"true"}; if(window.DFLIP && window.DFLIP.parseBooks){window.DFLIP.parseBooks();}</script></div>
</div>
</div>
</div>
</div>

<p>Instrucciones de descarga: Para descargar esta publicación, debe ir a la parte de abajo donde se&hellip;</p>
