{"id":20547,"date":"2023-01-31T07:30:35","date_gmt":"2023-01-31T10:30:35","guid":{"rendered":"https:\/\/flacso.cl\/biblioteca\/product\/violencias-contra-las-mujeres-desafios-y-aprendizajes-en-la-cooperacion-sur-sur-en-america-latina-y-el-caribe\/"},"modified":"2024-09-11T12:28:41","modified_gmt":"2024-09-11T15:28:41","slug":"violencias-contra-las-mujeres-desafios-y-aprendizajes-en-la-cooperacion-sur-sur-en-america-latina-y-el-caribe","status":"publish","type":"product","link":"https:\/\/flacso.cl\/biblioteca\/product\/violencias-contra-las-mujeres-desafios-y-aprendizajes-en-la-cooperacion-sur-sur-en-america-latina-y-el-caribe\/","title":{"rendered":"Violencias contra las mujeres. Desaf\u00edos y aprendizajes en la Cooperaci\u00f3n Sur-Sur en Am\u00e9rica Latina y el Caribe"},"content":{"rendered":"<p><strong>Instrucciones de descarga:<\/strong>\u00a0Para descargar esta publicaci\u00f3n, debe ir a la parte de abajo donde se muestra una vista previa del archivo y dar clic en los tres puntos. Al dar clic en los tres puntos se le van a desplegar diferentes opciones y la primera es \u201cDescargar archivo PDF\u201d, el cual le permite guardar el archivo en su computadora.<\/p>\n<div id=\"df_19515\" class=\"_df_book df-lite df-container df-floating df-controls-bottom\" data-title=\"aproximacion-sociologica-al-cambio-de-la-iglesia-catolica-de-santiago\">\n<div id=\"dflip_post_meta_box_shortcode\" class=\"postbox \">\n<div class=\"inside\">\n<div class=\"dflip-tabs normal-tabs\">\n<div id=\"dflip-tab-content-normal\" class=\"dflip-tab-content dflip-active\">\n<div class=\"_df_book df-lite\" id=\"df_24976\"  _slug=\"violencias-contra-las-mujeres-desafios-y-aprendizajes-en-la-cooperacion-sur-sur-en-america-latina-y-el-caribe\" data-title=\"violencias-contra-las-mujeres-desafios-y-aprendizajes-en-la-cooperacion-sur-sur-en-america-latina-y-el-caribe\" wpoptions=\"true\" thumbtype=\"\" ><\/div><script class=\"df-shortcode-script\" nowprocket type=\"application\/javascript\">window.option_df_24976 = {\"outline\":[],\"autoEnableOutline\":\"false\",\"autoEnableThumbnail\":\"false\",\"overwritePDFOutline\":\"false\",\"direction\":\"1\",\"pageSize\":\"0\",\"source\":\"https:\\\/\\\/flacso.cl\\\/biblioteca\\\/wp-content\\\/uploads\\\/2023\\\/04\\\/Libro_Violencias_contra_las_Mujeres.pdf\",\"wpOptions\":\"true\"}; if(window.DFLIP && window.DFLIP.parseBooks){window.DFLIP.parseBooks();}<\/script>\n<\/div>\n<\/div>\n<\/div>\n<\/div>\n<\/div>\n","protected":false},"excerpt":{"rendered":"<p>Instrucciones de descarga:\u00a0Para descargar esta publicaci\u00f3n, debe ir a la parte de abajo donde se&hellip;<\/p>\n","protected":false},"featured_media":26738,"template":"","meta":[],"product_brand":[],"product_cat":[187],"product_tag":[1977,1049,290,402,2629],"class_list":{"0":"post-20547","1":"product","2":"type-product","3":"status-publish","4":"has-post-thumbnail","6":"product_cat-libro","7":"product_tag-america-latina-y-el-caribe","8":"product_tag-cooperacion-sur-sur","9":"product_tag-genero","10":"product_tag-politicas-publicas","11":"product_tag-violencia-contra-las-mujeres","12":"pa_anio-publicacion-221","13":"pa_autor-adriana-quinones","14":"pa_autor-ana-maria-goetschel","15":"pa_autor-anabella-benedetti","16":"pa_autor-andrea-tuana","17":"pa_autor-carmen-beramendi","18":"pa_autor-christian-rivera","19":"pa_autor-doris-quinimil","20":"pa_autor-gloria-bondel","21":"pa_autor-gloria-yanez","22":"pa_autor-luciana-fainstain","23":"pa_autor-marco-billi","24":"pa_autor-maria-jose-guerrero","25":"pa_autor-pierre-lebret","26":"pa_autor-vesna-madariaga","27":"pa_editor-compilador-christian-rivera","28":"pa_editor-compilador-gabriel-guajardo","29":"pa_isbn-978-956-205-252-8","31":"first","32":"instock","33":"downloadable","34":"virtual","35":"product-type-simple"},"_links":{"self":[{"href":"https:\/\/flacso.cl\/biblioteca\/wp-json\/wp\/v2\/product\/20547","targetHints":{"allow":["GET"]}}],"collection":[{"href":"https:\/\/flacso.cl\/biblioteca\/wp-json\/wp\/v2\/product"}],"about":[{"href":"https:\/\/flacso.cl\/biblioteca\/wp-json\/wp\/v2\/types\/product"}],"wp:featuredmedia":[{"embeddable":true,"href":"https:\/\/flacso.cl\/biblioteca\/wp-json\/wp\/v2\/media\/26738"}],"wp:attachment":[{"href":"https:\/\/flacso.cl\/biblioteca\/wp-json\/wp\/v2\/media?parent=20547"}],"wp:term":[{"taxonomy":"product_brand","embeddable":true,"href":"https:\/\/flacso.cl\/biblioteca\/wp-json\/wp\/v2\/product_brand?post=20547"},{"taxonomy":"product_cat","embeddable":true,"href":"https:\/\/flacso.cl\/biblioteca\/wp-json\/wp\/v2\/product_cat?post=20547"},{"taxonomy":"product_tag","embeddable":true,"href":"https:\/\/flacso.cl\/biblioteca\/wp-json\/wp\/v2\/product_tag?post=20547"}],"curies":[{"name":"wp","href":"https:\/\/api.w.org\/{rel}","templated":true}]}}