{"id":20970,"date":"2023-01-31T07:31:33","date_gmt":"2023-01-31T10:31:33","guid":{"rendered":"https:\/\/flacso.cl\/biblioteca\/product\/corrupion-en-america-latina-analisis-comparado-y-propuestas-para-enfrentarla-los-casos-de-chile-mexico-y-colombia\/"},"modified":"2024-10-10T13:29:31","modified_gmt":"2024-10-10T16:29:31","slug":"corrupcion-en-america-latina-analisis-comparado-y-propuestas-para-enfrentarla-los-casos-de-chile-mexico-y-colombia","status":"publish","type":"product","link":"https:\/\/flacso.cl\/biblioteca\/product\/corrupcion-en-america-latina-analisis-comparado-y-propuestas-para-enfrentarla-los-casos-de-chile-mexico-y-colombia\/","title":{"rendered":"Corrupci\u00f3n en Am\u00e9rica Latina. An\u00e1lisis comparado y propuestas para enfrentarla. Los casos de Chile, M\u00e9xico y Colombia"},"content":{"rendered":"<p><strong>Instrucciones de descarga:<\/strong>\u00a0Para descargar esta publicaci\u00f3n, debe ir a la parte de abajo donde se muestra una vista previa del archivo y dar clic en los tres puntos. Al dar clic en los tres puntos se le van a desplegar diferentes opciones y la primera es \u201cDescargar archivo PDF\u201d, el cual le permite guardar el archivo en su computadora.<\/p>\n<div id=\"df_19515\" class=\"_df_book df-lite df-container df-floating df-controls-bottom\" data-title=\"aproximacion-sociologica-al-cambio-de-la-iglesia-catolica-de-santiago\">\n<div id=\"dflip_post_meta_box_shortcode\" class=\"postbox \">\n<div class=\"inside\">\n<div class=\"dflip-tabs normal-tabs\">\n<div id=\"dflip-tab-content-normal\" class=\"dflip-tab-content dflip-active\">\n<div class=\"_df_book df-lite\" id=\"df_25495\"  _slug=\"corrupion-en-america-latina-analisis-comparado-y-propuestas-para-enfrentarla-los-casos-de-chile-mexico-y-colombia\" data-title=\"corrupion-en-america-latina-analisis-comparado-y-propuestas-para-enfrentarla-los-casos-de-chile-mexico-y-colombia\" wpoptions=\"true\" thumbtype=\"\" ><\/div><script class=\"df-shortcode-script\" nowprocket type=\"application\/javascript\">window.option_df_25495 = {\"outline\":[],\"autoEnableOutline\":\"false\",\"autoEnableThumbnail\":\"false\",\"overwritePDFOutline\":\"false\",\"direction\":\"1\",\"pageSize\":\"0\",\"source\":\"https:\\\/\\\/flacso.cl\\\/biblioteca\\\/wp-content\\\/uploads\\\/2023\\\/04\\\/Libro_Corrupcion_en_America_Latina.pdf\",\"wpOptions\":\"true\"}; if(window.DFLIP && window.DFLIP.parseBooks){window.DFLIP.parseBooks();}<\/script>\n<\/div>\n<\/div>\n<\/div>\n<\/div>\n<\/div>\n","protected":false},"excerpt":{"rendered":"<p>Instrucciones de descarga:\u00a0Para descargar esta publicaci\u00f3n, debe ir a la parte de abajo donde se&hellip;<\/p>\n","protected":false},"featured_media":26851,"template":"","meta":[],"product_brand":[],"product_cat":[187],"product_tag":[296,938],"class_list":{"0":"post-20970","1":"product","2":"type-product","3":"status-publish","4":"has-post-thumbnail","6":"product_cat-libro","7":"product_tag-america-latina","8":"product_tag-corrupcion","9":"pa_anio-publicacion-1532","10":"pa_autor-alejandra-quintana","11":"pa_autor-ana-thais-martinez","12":"pa_autor-andres-fernandez-vergara","13":"pa_autor-carlos-andres-caro","14":"pa_autor-carlos-castro","15":"pa_autor-daphne-alvarez-villa","16":"pa_autor-eduardo-engel","17":"pa_autor-eduardo-salcedo-albaran","18":"pa_autor-fabio-sanchez-torres","19":"pa_autor-fernanda-avendano","20":"pa_autor-ingrid-chavez","21":"pa_autor-javier-fuenzalida","22":"pa_autor-jorge-enrique-caputo","23":"pa_autor-luis-jorge-garay-salamanca","24":"pa_autor-luis-mauricio-torres","25":"pa_autor-maria-jose-jarquin","26":"pa_autor-maria-margarita-zuleta","27":"pa_autor-miguel-jorquera","28":"pa_autor-pablo-montes-mendoza","29":"pa_autor-rebeca-paredes","30":"pa_autor-santiago-ospina","31":"pa_autor-tomas-cortes-pacheco","32":"pa_equipo-coordinador-eduardo-engel","34":"first","35":"instock","36":"downloadable","37":"virtual","38":"product-type-simple"},"_links":{"self":[{"href":"https:\/\/flacso.cl\/biblioteca\/wp-json\/wp\/v2\/product\/20970","targetHints":{"allow":["GET"]}}],"collection":[{"href":"https:\/\/flacso.cl\/biblioteca\/wp-json\/wp\/v2\/product"}],"about":[{"href":"https:\/\/flacso.cl\/biblioteca\/wp-json\/wp\/v2\/types\/product"}],"wp:featuredmedia":[{"embeddable":true,"href":"https:\/\/flacso.cl\/biblioteca\/wp-json\/wp\/v2\/media\/26851"}],"wp:attachment":[{"href":"https:\/\/flacso.cl\/biblioteca\/wp-json\/wp\/v2\/media?parent=20970"}],"wp:term":[{"taxonomy":"product_brand","embeddable":true,"href":"https:\/\/flacso.cl\/biblioteca\/wp-json\/wp\/v2\/product_brand?post=20970"},{"taxonomy":"product_cat","embeddable":true,"href":"https:\/\/flacso.cl\/biblioteca\/wp-json\/wp\/v2\/product_cat?post=20970"},{"taxonomy":"product_tag","embeddable":true,"href":"https:\/\/flacso.cl\/biblioteca\/wp-json\/wp\/v2\/product_tag?post=20970"}],"curies":[{"name":"wp","href":"https:\/\/api.w.org\/{rel}","templated":true}]}}