{"id":26832,"date":"2024-10-08T13:24:52","date_gmt":"2024-10-08T16:24:52","guid":{"rendered":"https:\/\/flacso.cl\/biblioteca\/?post_type=product&#038;p=26832"},"modified":"2024-10-08T13:29:45","modified_gmt":"2024-10-08T16:29:45","slug":"analisis-comparativo-de-la-herramienta-de-estudios-de-casos-de-buenas-practicas-de-gerencia-social-y-la-metodologia-de-documentacion","status":"publish","type":"product","link":"https:\/\/flacso.cl\/biblioteca\/product\/analisis-comparativo-de-la-herramienta-de-estudios-de-casos-de-buenas-practicas-de-gerencia-social-y-la-metodologia-de-documentacion\/","title":{"rendered":"An\u00e1lisis comparativo de la herramienta de estudios de casos de buenas pr\u00e1cticas de gerencia social y la metodolog\u00eda de documentaci\u00f3n, an\u00e1lisis y evaluaci\u00f3n del SIPAL, una propuesta para la aplicaci\u00f3n en la gesti\u00f3n p\u00fablica chilena actual"},"content":{"rendered":"<p><strong>Instrucciones de descarga:<\/strong>\u00a0Para descargar esta publicaci\u00f3n, debe ir a la parte de abajo donde se muestra una vista previa del archivo y dar clic en los tres puntos. Al dar clic en los tres puntos se le van a desplegar diferentes opciones y la primera es \u201cDescargar archivo PDF\u201d, el cual le permite guardar el archivo en su computadora.<\/p>\n<div id=\"df_19515\" class=\"_df_book df-lite df-container df-floating df-controls-bottom\" data-title=\"aproximacion-sociologica-al-cambio-de-la-iglesia-catolica-de-santiago\">\n<div id=\"dflip_post_meta_box_shortcode\" class=\"postbox \">\n<div class=\"inside\">\n<div class=\"dflip-tabs normal-tabs\">\n<div id=\"dflip-tab-content-normal\" class=\"dflip-tab-content dflip-active\">\n<div class=\"_df_book df-lite\" id=\"df_26830\"  _slug=\"analisis-comparativo-de-la-herramienta-de-estudios-de-casos-de-buenas-practicas-de-gerencia-social-y-la-metodologia-de-documentacion\" data-title=\"analisis-comparativo-de-la-herramienta-de-estudios-de-casos-de-buenas-practicas-de-gerencia-social-y-la-metodologia-de-documentacion\" wpoptions=\"true\" thumbtype=\"\" ><\/div><script class=\"df-shortcode-script\" nowprocket type=\"application\/javascript\">window.option_df_26830 = {\"outline\":[],\"autoEnableOutline\":\"false\",\"autoEnableThumbnail\":\"false\",\"overwritePDFOutline\":\"false\",\"direction\":\"1\",\"pageSize\":\"0\",\"source\":\"https:\\\/\\\/flacso.cl\\\/biblioteca\\\/wp-content\\\/uploads\\\/2023\\\/04\\\/TFLACSO-2011MPGR.pdf\",\"wpOptions\":\"true\"}; if(window.DFLIP && window.DFLIP.parseBooks){window.DFLIP.parseBooks();}<\/script>\n<\/div>\n<\/div>\n<\/div>\n<\/div>\n<\/div>\n","protected":false},"excerpt":{"rendered":"<p>Instrucciones de descarga:\u00a0Para descargar esta publicaci\u00f3n, debe ir a la parte de abajo donde se&hellip;<\/p>\n","protected":false},"featured_media":19619,"template":"","meta":[],"product_brand":[],"product_cat":[185],"product_tag":[1021,287,2777,402],"class_list":{"0":"post-26832","1":"product","2":"type-product","3":"status-publish","4":"has-post-thumbnail","6":"product_cat-tesis","7":"product_tag-gerencia-social","8":"product_tag-gestion-publica","9":"product_tag-magister-en-politica-y-gobierno","10":"product_tag-politicas-publicas","11":"pa_anio-publicacion-1445","12":"pa_autor-mario-gomez-roman","14":"first","15":"instock","16":"downloadable","17":"virtual","18":"product-type-simple"},"_links":{"self":[{"href":"https:\/\/flacso.cl\/biblioteca\/wp-json\/wp\/v2\/product\/26832","targetHints":{"allow":["GET"]}}],"collection":[{"href":"https:\/\/flacso.cl\/biblioteca\/wp-json\/wp\/v2\/product"}],"about":[{"href":"https:\/\/flacso.cl\/biblioteca\/wp-json\/wp\/v2\/types\/product"}],"wp:featuredmedia":[{"embeddable":true,"href":"https:\/\/flacso.cl\/biblioteca\/wp-json\/wp\/v2\/media\/19619"}],"wp:attachment":[{"href":"https:\/\/flacso.cl\/biblioteca\/wp-json\/wp\/v2\/media?parent=26832"}],"wp:term":[{"taxonomy":"product_brand","embeddable":true,"href":"https:\/\/flacso.cl\/biblioteca\/wp-json\/wp\/v2\/product_brand?post=26832"},{"taxonomy":"product_cat","embeddable":true,"href":"https:\/\/flacso.cl\/biblioteca\/wp-json\/wp\/v2\/product_cat?post=26832"},{"taxonomy":"product_tag","embeddable":true,"href":"https:\/\/flacso.cl\/biblioteca\/wp-json\/wp\/v2\/product_tag?post=26832"}],"curies":[{"name":"wp","href":"https:\/\/api.w.org\/{rel}","templated":true}]}}